mposite number?
False
Is 751 a prime number?
True
Is 49867 a prime number?
False
Is 115207 a composite number?
True
Is 3251 composite?
False
Is 98837 composite?
False
Is 79085 composite?
True
Is 767029 prime?
True
Is 2180129 prime?
False
Is 4310347 prime?
True
Is 13646 composite?
True
Is 641681 prime?
True
Is 1396387 a prime number?
True
Is 7963 a composite number?
False
Is 71741 a composite number?
False
Is 148501 a prime number?
True
Is 59347 composite?
True
Is 320923 composite?
False
Is 1759 prime?
True
Is 15071 a prime number?
False
Is 60821 composite?
False
Is 6107 composite?
True
Is 35729 prime?
True
Is 720527 a composite number?
False
Is 705203 composite?
True
Is 715943 prime?
True
Is 161767 composite?
True
Is 2412331 prime?
True
Is 6719 a prime number?
True
Is 613 composite?
False
Is 44729 composite?
False
Is 13061 prime?
False
Is 9589 prime?
False
Is 173767 prime?
False
Is 641 a composite number?
False
Is 3203 composite?
False
Is 203 composite?
True
Is 548467 a prime number?
False
Is 42043 composite?
False
Is 4711 composite?
True
Is 25339 composite?
False
Is 61781 a composite number?
False
Is 543003 composite?
True
Is 501563 a composite number?
False
Is 72517 prime?
False
Is 19174 a composite number?
True
Is 44391 a composite number?
True
Is 2789341 prime?
True
Is 2462 prime?
False
Is 58189 a prime number?
True
Is 23081 prime?
True
Is 12323 composite?
False
Is 11185 a composite number?
True
Is 5557 prime?
True
Is 10627 prime?
True
Is 3521 prime?
False
Is 101999 a composite number?
False
Is 319673 composite?
False
Is 10061 prime?
True
Is 138893 a composite number?
False
Is 25537 a composite number?
False
Is 3137 a composite number?
False
Is 212899 a composite number?
True
Is 307 prime?
True
Is 10739 prime?
True
Is 21433 a composite number?
False
Is 28699 a composite number?
True
Is 45119 a composite number?
False
Is 21403 a prime number?
False
Is 7255 prime?
False
Is 1268279 a prime number?
True
Is 2098 a composite number?
True
Is 8977 a composite number?
True
Is 286943 a composite number?
True
Is 8941 a prime number?
True
Is 238891 prime?
False
Is 675445 prime?
False
Is 160579 composite?
False
Is 12899 a composite number?
False
Is 8651 a prime number?
False
Is 15173 a composite number?
False
Is 55487 a composite number?
False
Is 3551 a prime number?
False
Is 5261 a composite number?
False
Is 27493 composite?
True
Is 104035 a prime number?
False
Is 5855 prime?
False
Is 204297 prime?
False
Is 4201 a composite number?
False
Is 1382847 prime?
False
Is 23191 a composite number?
True
Is 17647 prime?
False
Is 997627 composite?
False
Is 12302 prime?
False
Is 12571 a prime number?
False
Is 2503 a prime number?
True
Is 10897 composite?
True
Is 1637 composite?
False
Is 17623 a prime number?
True
Is 46193 a prime number?
False
Is 442541 prime?
False
Is 839 composite?
False
Is 3037 prime?
True
Is 527 a composite number?
True
Is 3883 composite?
True
Is 3541 a prime number?
True
Is 17257 prime?
True
Is 337261 composite?
False
Is 55327 prime?
False
Is 1077337 a prime number?
True
Is 28463 a composite number?
False
Is 20981 prime?
True
Is 215239 a prime number?
True
Is 309593 composite?
True
Is 18499 a prime number?
False
Is 96871 prime?
False
Is 92705 a composite number?
True
Is 1057769 a prime number?
False
Is 11091 a composite number?
True
Is 2818 a composite number?
True
Is 69899 a prime number?
True
Is 1151 prime?
True
Is 120503 composite?
False
Is 110139 composite?
True
Is 41429 prime?
False
Is 30757 composite?
False
Is 10007 a prime number?
True
Is 11597 prime?
True
Is 9767 prime?
True
Is 399353 a composite number?
False
Is 715447 composite?
True
Is 587371 composite?
False
Is 126647 a composite number?
True
Is 1769 prime?
False
Is 79293 a prime number?
False
Is 22979 a composite number?
True
Is 37211 composite?
True
Is 20131 a composite number?
True
Is 396857 prime?
False
Is 14783 prime?
True
Is 94533 a prime number?
False
Is 112967 prime?
True
Is 482483 a composite number?
False
Is 77059 a prime number?
False
Is 36829 prime?
False
Is 1130263 a prime number?
False
Is 417355 prime?
False
Is 1039 prime?
True
Is 3867 prime?
False
Is 4229 a prime number?
True
Is 1651 prime?
False
Is 2879 composite?
False
Is 137633 a prime number?
True
Is 61099 a composite number?
False
Is 1276861 a prime number?
True
Is 3259 prime?
True
Is 58291 prime?
False
Is 167801 prime?
True
Is 9127 composite?
False
Is 1790155 composite?
True
Is 63321 a prime number?
False
Is 135706 composite?
True
Is 2285 composite?
True
Is 324419 prime?
True
Is 194459 a prime number?
False
Is 7039 composite?
False
Is 10135 a prime number?
False
Is 6779 a prime number?
True
Is 2076895 a prime number?
False
Is 6539 prime?
False
Is 17653 composite?
True
Is 4127 a prime number?
True
Is 641 a prime number?
True
Is 795913 a composite number?
False
Is 3066313 a composite number?
True
Is 6769 a prime number?
False
Is 9469 prime?
False
Is 77351 prime?
True
Is 6623 a prime number?
False
Is 34135 composite?
True
Is 789209 a composite number?
True
Is 4589 a composite number?
True
Is 238151 a composite number?
False
Is 739 a composite number?
False
Is 569095 a composite number?
True
Is 5033 composite?
True
Is 28673 a prime number?
False
Is 4305109 a prime number?
True
Is 1799213 prime?
False
Is 42523 a prime number?
False
Is 90163 prime?
True
Is 16153 prime?
False
Is 67001 a prime number?
False
Is 1138 composite?
True
Is 101827 a composite number?
True
Is 5111 a composite number?
True
Is 7763 composite?
True
Is 23717 prime?
False
Is 520903 composite?
True
Is 18773 composite?
False
Is 347 a prime number?
True
Is 108505 prime?
False
Is 315179 prime?
True
Is 5228035 prime?
False
Is 2437 a composite number?
False
Is 454667 a composite number?
True
Is 3923849 a prime number?
False
Is 3989 a prime number?
True
Is 20783 a composite number?
True
Is 9169 a composite number?
True
Is 251 a prime number?
True
Is 46169 composite?
True
Is 314135 composite?
True
Is 283281 composite?
True
Is 36409 composite?
True
Is 1159901 a prime number?
True
Is 613733 prime?
True
Is 29663 composite?
False
Is 36653 composite?
False
Is 6499 prime?
False
Is 8543 a prime number?
True
Is 1220099 composite?
False
Is 730447 prime?
True
Is 37241 prime?
False
Is 28642 prime?
False
Is 231181 composite?
True
Is 25577 prime?
True
Is 18119 prime?
True
Is 98695 composite?
True
Is 89 composite?
False
Is 4873 composite?
True
Is 590201 a composite number?
False
Is 6866 composite?
True
Is 282839 composite?
True
Is 122749 composite?
True
Is 793289 a prime number?
False
Is 56858 composite?
True
Is 1943 composite?
True
Is 11851 a composite number?
True
Is 46798 composite?
True
Is 21467 a composite number?
False
Is 3037 composite?
False
Is 160063 a composite number?
True
Is 822067 a composite number?
False
Is 17513 composite?
True
Is 1327 prime?
True
Is 91651 composite?
True
Is 1105943 composite?
False
Is 562069 a composite number?
True
Is 362629 composite?
False
Is 37507 a composite number?
False
Is 209999 a prime number?
False
Is 731 prime?
False
Is 45007 composite?
False
Is 277297 composite?
False
Is 509 composite?
False
Is 83991 prime?
False
Is 28201 prime?
True
Is 90697 a composite number?
False
Is 1067 composite?
True
Is 185 a composite number?
True
Is 377123 composite?
False
Is 4757957 prime?
True
Is 15545 a composite number?
True
Is 313609 composite?
True
Is 56311 composite?
False
Is 1407361 a prime number?
True
Is 371 composite?
True
Is 1379 a prime number?
False
Is 1253 a composite number?
True
Is 491681 composite?
True
Is 23713 prime?
False
Is 3511 a prime number?
True
Is 45151 prime?
False
Is 29615 a composite number?
True
Is 191339 a composite number?
False
Is 21661 a prime number?
True
Is 139267 a prime number?
True
Is 145573 composite?
True
Is 45007 a prime number?
True
Is 1074743 composite?
True
Is 202471 a prime number?
True
Is 1109 a prime number?
True
Is 580031 prime?
True
Is 345637 a composite number?
False
Is 1421569 a composite number?
False
Is 6539 a prime number?
False
Is 2897 prime?
True
Is 19373 a prime number?
True
Is 10041 a prime number?
False
Is 1255795 a composite number?
True
Is 53399 a prime number?
False
Is 134009 a composite number?
True
Is 350177 a prime number?
False
Is 26899 composite?
True
Is 3331 a composite nu